is divided by 20.
15
What is the remainder when 144200 is divided by 247?
199
Calculate the remainder when 49285 is divided by 49241.
44
What is the remainder when 182923 is divided by 1356?
1219
Calculate the remainder when 77053065 is divided by 271.
177
Calculate the remainder when 5346224 is divided by 2920.
2624
Calculate the remainder when 1640724 is divided by 390.
384
Calculate the remainder when 2455106 is divided by 1032.
1010
Calculate the remainder when 31119 is divided by 1828.
43
Calculate the remainder when 43198 is divided by 19.
11
Calculate the remainder when 19070172 is divided by 353151.
18
What is the remainder when 67531970 is divided by 110?
0
What is the remainder when 12473517 is divided by 55935?
12
Calculate the remainder when 1867918 is divided by 1109.
362
What is the remainder when 614478 is divided by 2089?
312
Calculate the remainder when 1135726 is divided by 162228.
130
What is the remainder when 703435 is divided by 977?
972
What is the remainder when 38062314 is divided by 304?
298
What is the remainder when 49688260 is divided by 26?
24
What is the remainder when 19307 is divided by 410?
37
What is the remainder when 14723072 is divided by 460096?
0
What is the remainder when 177178270 is divided by 581?
577
Calculate the remainder when 873523 is divided by 257.
237
What is the remainder when 982890 is divided by 13?
12
What is the remainder when 3467264 is divided by 1733622?
20
Calculate the remainder when 15749241 is divided by 91036.
13
Calculate the remainder when 23651 is divided by 1573.
56
Calculate the remainder when 43354950 is divided by 91.
2
What is the remainder when 2225335 is divided by 8461?
92
Calculate the remainder when 22549426 is divided by 396.
394
Calculate the remainder when 1136880 is divided by 2994.
2154
What is the remainder when 23793133 is divided by 2?
1
What is the remainder when 1330887 is divided by 1091?
958
What is the remainder when 47282 is divided by 15288?
1418
Calculate the remainder when 32249324 is divided by 4607045.
9
Calculate the remainder when 165729 is divided by 13796.
177
Calculate the remainder when 10864880 is divided by 256.
240
What is the remainder when 923095 is divided by 23669?
4
Calculate the remainder when 1606740 is divided by 132.
36
What is the remainder when 52729 is divided by 1456?
313
Calculate the remainder when 487859 is divided by 700.
659
Calculate the remainder when 349360 is divided by 38684.
1204
What is the remainder when 39430 is divided by 2307?
211
Calculate the remainder when 11670477 is divided by 1678.
1665
Calculate the remainder when 1386417 is divided by 4319.
18
Calculate the remainder when 410632 is divided by 164.
140
Calculate the remainder when 432892 is divided by 263.
257
Calculate the remainder when 2464558 is divided by 20368.
30
What is the remainder when 9736746 is divided by 2223?
6
Calculate the remainder when 22375005 is divided by 36.
33
What is the remainder when 476144 is divided by 1110?
1064
Calculate the remainder when 7040182 is divided by 1932.
1906
What is the remainder when 19023480 is divided by 3285?
45
What is the remainder when 8764 is divided by 2978?
2808
Calculate the remainder when 6661094 is divided by 25.
19
What is the remainder when 1548535 is divided by 812?
51
What is the remainder when 1570553 is divided by 2238?
1715
What is the remainder when 90275970 is divided by 102820?
10
What is the remainder when 266860325 is divided by 1294?
1293
What is the remainder when 16257729 is divided by 190?
189
What is the remainder when 21485519 is divided by 1080?
1079
What is the remainder when 1319337 is divided by 18582?
15
What is the remainder when 482391124 is divided by 63?
61
Calculate the remainder when 326043 is divided by 121.
69
What is the remainder when 385690 is divided by 42854?
4
What is the remainder when 232766 is divided by 19372?
302
What is the remainder when 106857710 is divided by 24?
14
What is the remainder when 182779 is divided by 182741?
38
What is the remainder when 20880256 is divided by 632735?
1
Calculate the remainder when 384806 is divided by 13743.
2
What is the remainder when 18445026 is divided by 29?
11
Calculate the remainder when 83846733 is divided by 206.
201
What is the remainder when 24403854 is divided by 635?
169
Calculate the remainder when 1531680609 is divided by 934.
933
What is the remainder when 436577 is divided by 2509?
11
Calculate the remainder when 1747395 is divided by 582458.
21
Calculate the remainder when 1348013 is divided by 314.
11
What is the remainder when 267235052 is divided by 7458?
7454
Calculate the remainder when 11849163 is divided by 7.
4
Calculate the remainder when 1155524 is divided by 2082.
14
Calculate the remainder when 987057 is divided by 329018.
3
What is the remainder when 29808246 is divided by 14?
6
Calculate the remainder when 471538 is divided by 730.
688
What is the remainder when 21458637 is divided by 2992?
13
Calculate the remainder when 105494 is divided by 20558.
2704
What is the remainder when 6961395 is divided by 191?
18
Calculate the remainder when 2128726 is divided by 396.
226
Calculate the remainder when 6752224 is divided by 378.
10
What is the remainder when 208373 is divided by 918?
905
What is the remainder when 40011822 is divided by 261515?
27
Calculate the remainder when 21052 is divided by 4669.
2376
What is the remainder when 569720 is divided by 37981?
5
What is the remainder when 429183 is divided by 13406?
191
Calculate the remainder when 701527653 is divided by 134.
133
What is the remainder when 26591188 is divided by 6?
4
Calculate the remainder when 332085596 is divided by 3594.
3590
What is the remainder when 32556 is divided by 296?
292
What is the remainder when 17044040 is divided by 1136269?
5
Calculate the remainder when 110635768 is divided by 18.
10
Calculate the remainder when 2070486 is divided by 23.
3
Calculate the remainder when 3164429 is divided by 17.
15
Calculate the remainder when 97410 is divided by 12176.
2
Calculate the remainder when 1365306 is divided by 45.
6
Calculate the remainder when 12724 is divided by 3271.
2911
Calculate the remainder when 329392 is divided by 19375.
17
Calculate the remainder when 41603 is divided by 13625.
728
Calculate the remainder when 2503841 is divided by 834597.
50
What is the remainder when 1107177 is divided by 102?
69
Calculate the remainder when 6661819 is divided by 8607.
1
Calculate the remainder when 1129166 is divided by 894.
44
Calculate the remainder when 690055 is divided by 344969.
117
What is the remainder when 352715 is divided by 11744?
395
What is the remainder when 147279058 is divided by 54?
52
What is the remainder when 55524035 is divided by 6749?
12
What is the remainder when 15308031 is divided by 21591?
12
What is the remainder when 2105012 is divided by 2159?
2146
Calculate the remainder when 152058 is divided by 23.
5
Calculate the remainder when 144338 is divided by 3334.
976
What is the remainder when 1046903 is divided by 13775?
3
Calculate the remainder when 49342 is divided by 192.
190
What is the remainder when 20100759 is divided by 9?
6
What is the remainder when 508588727 is divided by 6108?
6107
What is the remainder when 117881 is divided by 999?
998
Calculate the remainder when 26225643 is divided by 17345.
3
What is the remainder when 3299345 is divided by 109978?
5
What is the remainder when 1894009 is divided by 78?
13
What is the remainder when 6550981 is divided by 633?
64
What is the remainder when 94236 is divided by 171?
15
Calculate the remainder when 55335 is divided by 54622.
713
Calculate the remainder when 78825663 is divided by 21264.
15
Calculate the remainder when 1927560 is divided by 385505.
35
Calculate the remainder when 3223086 is divided by 3223034.
52
What is the remainder when 134588720 is divided by 3629?
3626
What is the remainder when 236374 is divided by 750?
124
Calculate the remainder when 986315 is divided by 65754.
5
Calculate the remainder when 250194 is divided by 386.
66
What is the remainder when 401274 is divided by 57320?
34
What is the remainder when 820804 is divided by 225?
4
What is the remainder when 612849 is divided by 67947?
1326
Calculate 